 be 1 - 2/1 - 1. Let g be v + 2/(-2) + 1. What is the units digit of (-1)/((-1)/((-16)/g))?
8
Suppose -27 = -5*u + 8. What is the units digit of u - 3/6*0?
7
Let t(s) = -3*s + 4. Let a(v) = 4*v - 3. Let i(y) = 6*a(y) + 7*t(y). What is the tens digit of i(8)?
3
Let y(v) = 4*v**3 - v**2 + 5*v + 5. Let t(r) = -2 + 5*r + 7*r**3 - 2*r**3 + 7 - 2*r**2. Let k(u) = -5*t(u) + 6*y(u). What is the units digit of k(5)?
5
Let i = -19 - -17. Suppose -4*o = 2*g - 4, 4 = 3*o - g - 4. Let z = o - i. What is the units digit of z?
4
Suppose 0 = -k + 6*k. Suppose k = -3*n - 3 + 18. What is the units digit of n?
5
Let i(c) = 8*c - 12. Let u(w) be the first derivative of -w**2/2 + w - 2. Let v(g) = -2*i(g) - 18*u(g). What is the tens digit of v(5)?
1
Suppose 82 - 34 = a. What is the tens digit of a?
4
Let h = -8 - -6. What is the units digit of (-18)/(-14) + h/7?
1
Let i = -8 + -1. Let q = -1 - i. What is the units digit of q?
8
Suppose 2*f + 2*u + 0*u + 10 = 0, 0 = -3*f - u - 15. Let j(r) = 3 - 3*r + 2*r + 2. What is the tens digit of j(f)?
1
Let d be 9/(-6) - 1/(-2). What is the units digit of 4 - -10 - (d + 0)?
5
Let c(d) = d**2 + 7*d + 8. Let u be c(-7). Suppose -f = -g - u, 0 = f - 3*f - 2*g + 24. Suppose 0 = 2*x + 8, f = 2*y - x - x. What is the units digit of y?
1
What is the hundreds digit of (-4 + 5)/((0 - -3)/366)?
1
Suppose 3*l = -2*l + 20. Suppose m - 3 = -3*i, -i + 1 = 2*m - 0*i. Suppose l*y - 72 = -m*y. What is the units digit of y?
8
Let f = 35 + 140. What is the hundreds digit of f?
1
Suppose -4*y + 178 = 2*s, 3*y = -s + 61 + 32. What is the tens digit of s?
8
Let x = -18 + 19. What is the units digit of x?
1
Let j = -256 + 492. What is the units digit of j?
6
What is the units digit of (-18)/(-12) - (406/(-4) + -2)?
5
Suppose 38 = 3*k - 52. What is the tens digit of k?
3
Let x = -3 - -57. What is the units digit of x?
4
Suppose 3*i - 5*r - 89 = 559, -2*i + 432 = -3*r. What is the tens digit of i?
1
Let m(o) be the second derivative of o**4/3 - o**3/3 + o**2/2 - o. What is the units digit of m(1)?
3
Let t be (1 - 3/(-1)) + -2. Suppose -7*l + 60 = -t*l. What is the tens digit of l?
1
Let p(l) = -2*l**3 - 3*l**2 + 3*l - 4. What is the tens digit of p(-3)?
1
Let q(a) = a**3 - 9*a**2 - a + 3. Let m be q(9). Let o be 1*3/(m/(-184)). Suppose -3*j + o = 5*f, 0*f = -5*f + j + 76. What is the units digit of f?
6
Let u(a) = -a + 23. Let s be u(0). Let y = s - 11. What is the tens digit of y?
1
Let m = 3 - -1. Let o(j) = -m*j - 2*j + 6*j**2 + 6 + j**3 + 2*j - 3*j. What is the units digit of o(-7)?
6
Let t(u) = 3 - 5*u + 3*u - 3*u + 4*u. What is the units digit of t(-3)?
6
Let o(b) = 8*b**3 + b**2 - 4*b + 3. Let q be o(2). Let l = -45 + q. What is the units digit of l?
8
Let r be (-1 + -41)*27/(-18). What is the units digit of (-486)/(-14) - (-18)/r?
5
Let h be (-2)/(1 - (-60)/(-68)). What is the units digit of (-3)/1 + (-5 - h)?
9
Let g = -9 - -2. Let p = g - -13. What is the units digit of p?
6
Let k(m) = m**3 + 8*m**2 - 3*m - 8. What is the tens digit of k(-8)?
1
Let c be (107 - (5 - 3))*1. Suppose c - 6 = 3*j. What is the tens digit of j?
3
Let u(o) = -o**2 + 6*o - 4. Let d be (-85)/(-20) + (-1)/4. Let f be u(d). What is the units digit of 2/f - (-15)/2?
8
Let d(o) = -5*o - 4. What is the tens digit of d(-7)?
3
Let m be (-2)/(-9) + (-820)/(-36). Suppose l + f = 0, -m + 8 = 4*l - f. What is the tens digit of (6/l)/(2/(-12))?
1
Suppose -4*c - 20 = -2*x, -2*c + 7 + 3 = 0. Let j = x - 13. Suppose u = 0, -4 = 3*w - j*w - 3*u. What is the units digit of w?
1
Let a be 13 + 3/(-6)*6. What is the tens digit of 114/a + (-2)/5?
1
Let n(g) = g + 4. Let r be n(-6). Let j(m) = m**2 + 3*m + 3. Let i be j(r). Let q = 2 + i. What is the units digit of q?
3
Suppose 4*i - 200 = 5*o, 24 = -4*o + 8. What is the tens digit of i?
4
Let x(r) = 4*r - 1 - 5*r**2 + r**3 + 5 + 0*r. Let d be x(4). Suppose -d*s + s + 3 = 0. What is the units digit of s?
1
Let c = 8 - 5. Suppose 2*j - 4 = 0, -u - 3 - 1 = -3*j. Suppose 0 = u*y - 3 - c. What is the units digit of y?
3
Let p = 10 + -22. Let c = 37 + p. Suppose -32 = -3*u - 4*a, 6*u - c = u - a. What is the units digit of u?
4
Suppose 3*w = 6 + 33. What is the units digit of w?
3
Let g(q) be the first derivative of q**2/2 + 3*q - 3. Let i be g(-3). Suppose i = 4*u + 2*f - 30, -4*f - 8 = -3*u + 42. What is the tens digit of u?
1
Suppose 0 = -3*o + o + r + 36, 0 = o + 4*r. Suppose g = o - 3. Let j = g + -8. What is the units digit of j?
5
What is the units digit of (4 + -5)/(3/(-27))?
9
Suppose -8*u + 6*u = -382. What is the units digit of u?
1
Suppose -6*g + 16 = -2*g, 3*c - 12 = -3*g. Suppose 0 = 2*i - 8 - c. Suppose i*p - 10 = 34. What is the tens digit of p?
1
Suppose 0*l = -2*l + 14. Let m = 13 - l. What is the units digit of m?
6
Let m(p) = 2*p**2 - 4. Let r be m(3). Suppose -3*s = 5*c - 6, 5*s - 4*c - r = -4. What is the units digit of s?
2
Let m be 10*((-7)/2 + 3). What is the units digit of ((-7)/2)/(m/10)?
7
Let s(l) = -l**2 - 6*l - 1. Let v(c) be the third derivative of -c**5/60 + c**4/4 - 2*c**3/3 - 2*c**2. Let u be v(6). What is the units digit of s(u)?
7
Let m(n) = n**2 + 3*n - 7. Let s be m(-5). Suppose -s*h = -5*u - 2, u = 3*h - 2*h. Let c = 2 + u. What is the units digit of c?
1
What is the tens digit of (-84)/35*-1*10?
2
Suppose -5 + 30 = -5*s. Let x(l) = -l**2 - 5*l. Let g be x(s). Let r = g - -1. What is the units digit of r?
1
Suppose 0 = 4*l - 2*z, -5*l - 3*z - 2*z = -30. Suppose l*h = -2*h + 52. What is the units digit of h?
3
What is the units digit of 206*1/(-5)*-5?
6
Suppose -2*j + 31 + 7 = 0. What is the units digit of j?
9
Let n = 22 - 13. What is the units digit of n?
9
Suppose -v = 4*d - 253, -v - 2*d + 251 = 3*d. What is the units digit of v?
1
Let q = -12 - -17. Suppose 2*w - q + 1 = 0. Suppose -w*r - 5*h + 44 = 2*r, -3*r - 3*h + 30 = 0. What is the units digit of r?
6
Let h(d) = d**3 + 17*d**2 - 11*d - 41. What is the tens digit of h(-17)?
4
Let p = -2 + 4. What is the units digit of -2 - (p + (-17 - 0))?
3
Let z(x) = -x + 2. Let o be 0 + 0 + (-9 - -2). What is the units digit of z(o)?
9
Let f be (1 + 0)/(2/(-14)). Let q = f + 11. Let p(z) = z**2 - z + 2. What is the units digit of p(q)?
4
Suppose j + 2*j = 0. Let b = 14 - j. What is the units digit of b?
4
Let g = -16 - -38. Let v = g - 8. Suppose 5*z = 3*b + v, 0*b - 5*b - z = -14. What is the units digit of b?
2
Suppose 4*v + 2*p = 32, 2*p = -v + 5 + 9. Let q = v + -4. Suppose -q*z = -0*z - 18. What is the units digit of z?
9
Let w be (-4)/(-12) + 31/(-3). What is the units digit of -15*(0 - (-4)/w)?
6
Suppose -8 = -3*f - 2. Suppose 2*v = -2*v + 5*n + 59, f*v = 2*n + 30. What is the tens digit of v?
1
Suppose 2*g + 4*x = -5 - 13, -2*x + 4 = 0. Let t(p) = -2*p - 10. What is the units digit of t(g)?
6
Suppose -k = 4*k + 90. What is the tens digit of (-357)/(-18) + (-3)/k?
2
What is the tens digit of -1 - -3 - (-10 + -3)?
1
Let c = -3 + 6. Suppose c*o + o - 36 = 0. What is the units digit of (6/o)/((-2)/(-3))?
1
Suppose z = x - 2*x + 4, 2*x = 4. Let t be (-2)/z + 49/(-7). Let q(c) = -c**3 - 7*c**2 + 8*c + 6. What is the units digit of q(t)?
6
Let f(j) = 2*j**2 - 3*j - 3. What is the tens digit of f(-2)?
1
Let f = 5 - -1. Suppose -2 - f = -j. What is the units digit of j?
8
Let u = 83 + 38. What is the hundreds digit of u?
1
Suppose -4*r - 141 - 125 = -5*y, 161 = 3*y - r. What is the units digit of y?
4
Let p(q) = q**2 - 5*q + 4. Let y be p(5). Let d = y + -2. What is the units digit of d?
2
Let f(z) = z**3 - 5*z**2 + 6*z - 7. What is the units digit of f(5)?
3
Suppose -q = 4, q + 8 = -2*j - 2*q. What is the units digit of j?
2
Let h(f) = f**3 - 4*f**2 - 5*f + 4. Let u be h(5). Suppose u*k - 2*z - 56 = 0, 3*z + 32 = 3*k + 4*z. What is the tens digit of k?
1
What is the hundreds digit of (-5098)/(-16) - (-54)/144?
3
What is the tens digit of (-2)/(-4) - (-222)/4?
5
Suppose 4*p - 5*h + 3*h - 12 = 0, 0 = -4*p - 3*h + 2. Let b = 1 - p. What is the units digit of (4 - b)*(-4 + 5)?
5
Let o = 34 + -9. What is the tens digit of o?
2
Suppose 40 + 4 = 4*x - r, -5*x - 5*r + 80 = 0. What is the units digit of x?
2
Let x(o) = 4*o - 2. Let k = 15 + -14. What is the units digit of x(k)?
2
Let u = 14 - 8. Let i(a) = a + 12. What is the units digit of i(u)?
8
Suppose 17 = -